. Suppose -4*k + 59 = 5*i, -83 = -22*k + 17*k + 3*i. Let v be r/6 + k/(-24). What is the highest common factor of v and 21?
21
Suppose 25*z + 90*z = 231035. What is the greatest common factor of 441 and z?
49
Let k be ((-48)/30)/((-2)/5). Suppose -138 = -l + k*l. Let g = -26 - l. Calculate the highest common factor of 80 and g.
20
Suppose 3*u = 5*g + 43, 14*g - 9*g = -2*u - 13. Suppose 154 + 134 = 3*h. Calculate the highest common divisor of h and u.
6
Let w be (-3 + (-204 - (5 + 1)))*(-78)/9. What is the highest common factor of w and 26?
26
Suppose -3*v - 932 + 986 = 0. Let z(n) = n**3 - 18*n**2 + n + 42. Let b be z(v). Calculate the highest common factor of 140 and b.
20
Let g be (-12)/(-90)*-5 + 632/12. What is the highest common factor of g and 11336?
52
Let r = -2601 + 3101. Calculate the greatest common factor of r and 80.
20
Suppose -208 = -3*v + 47. Suppose -3*o - 3*o = -426. Suppose -155 = -z - 4*z - 5*w, -o = -2*z + w. Calculate the greatest common factor of z and v.
17
Suppose 3*l + 158 - 176 = 0. Let c be 2/(-3)*-42 + l. What is the greatest common divisor of c and 442?
34
Suppose -2*u = k - 755, -83*u + 80*u + k = -1135. What is the highest common factor of 486 and u?
54
Let i = -170 - -328. Let z = i - 150. What is the greatest common factor of 128 and z?
8
Suppose 2*j + 294 + 524 = 4*p, -p + 4*j = -187. Calculate the greatest common divisor of p and 477.
9
Let r be 2 - (-6 + (-12)/(-4)). Suppose -27 = -r*q + 33. Suppose d = 4*n - 37, -3*d - 46 = -5*n - 2*d. Calculate the greatest common divisor of q and n.
3
Let r(n) = 624*n + 2062. Let x be r(-3). What is the highest common divisor of x and 722?
38
Suppose 3*s - 2*k = -40, -k = -5*s - 6*k - 100. Let n be (-4)/s + 39/(-12). Let w(d) = -46*d + 6. Let g be w(n). What is the highest common factor of g and 16?
16
Let v = -71 + 84. Suppose 0 = v*l - 261 - 909. Calculate the greatest common factor of 18 and l.
18
Let s be -17 + 10 - (-1)/(5/1115). Let f = 38 + -14. What is the highest common factor of s and f?
24
Let f(q) = -7*q + 35. Let u be f(5). Let c be 2/6*u + 11 + -6. Calculate the highest common factor of 5 and c.
5
Let m(z) = -31*z + 894. Let k be m(-17). Calculate the highest common factor of k and 392.
49
Let j = 84 + -84. Suppose -2*n - 10 = j, q - 13 = 5*n + 28. Calculate the greatest common factor of 512 and q.
16
Let r = -1691 + 1801. Calculate the highest common divisor of r and 14410.
110
Let v(f) = -498*f + 5556. Let t be v(11). Suppose -2*q + 4*q = 390. Calculate the highest common divisor of t and q.
39
Let o = 6087 + -6079. Suppose 3*m - m = 40. Calculate the highest common divisor of m and o.
4
Let p = -368 - -524. Suppose -5*i - 3600 = 3*y - 5523, 0 = -4*i - 3*y + 1533. Calculate the greatest common factor of p and i.
78
Suppose 3*d - 2 = 1, 5*d = 5*t - 34555. Calculate the greatest common divisor of t and 54.
54
Let c = -43150 + 43813. Let w(v) = -v**3 - 4*v**2 + 5*v - 3. Let z be w(-6). Calculate the greatest common divisor of z and c.
39
Suppose 3*u + g = -15 + 34, 4*g = 5*u - 26. Let v be 2 + (-10)/u + (-3448)/(-6). What is the highest common divisor of 23 and v?
23
Suppose -47*o + 51*o - 24 = 0. Suppose -9 = 5*k - o*k. What is the greatest common divisor of k and 48?
3
Let o be (-142)/(-3)*15*2*(-3)/(-12). What is the greatest common divisor of o and 11005?
355
Suppose -3*v = 3*z - 24, -3*v = z - 6*v - 16. Suppose z*y = 75 + 3145. Calculate the highest common divisor of y and 92.
46
Let b(u) = u - 1 - 1 + 3. Let l(p) = -p**2 + 2*p + 14. Let d(h) = 2*b(h) - l(h). Let t be d(-4). Calculate the greatest common divisor of 4 and t.
4
Suppose -2*h - 24 = -3*p - 202, 0 = 4*h - p - 326. What is the highest common factor of h and 17000?
40
Let k = 204 - 198. Suppose 4*f - 189 = -i, -57 = -f - i - k. Let w be 3*-2*(-46)/12. Calculate the greatest common factor of f and w.
23
Let w = 47 + -43. Let x(m) = m**2 - 6*m + 8. Let y be x(w). Suppose y = -j + 73 - 16. Calculate the highest common divisor of j and 19.
19
Let f(o) = -o**3 - 5*o**2 + 7. Let r be (4/(-6))/(20/90). Let d be f(r). Let i(s) = s + 31. Let b be i(d). Calculate the highest common factor of b and 50.
10
Let a(c) = c**3 - 11*c**2 + 30*c - 46. Let p be a(9). Let i = -241 + 427. Let x be (i/8)/((-2)/(-8)). What is the highest common factor of p and x?
31
Let o be (-336145)/1702*((-2)/(-8) - (-354)/(-8)). What is the greatest common factor of 237 and o?
79
Let d = -13 + 56. Suppose 0 = 12*v - d - 125. Let q(i) = 7*i**2 - 3*i + 2. Let f be q(-4). Calculate the highest common divisor of f and v.
14
Let i be (157 - 0) + -193 + 180. Calculate the greatest common divisor of 80 and i.
16
Suppose 82*y - 2826 = 4390. Let p be (-68)/(-3) + 22/(-33). Let t = 33 - p. What is the highest common factor of t and y?
11
Suppose -y + 321 = 876. Let n = y + 859. What is the highest common factor of n and 16?
16
Suppose 5*m = 2*o + 3385, 17*m - 4*o + 2736 = 21*m. What is the highest common factor of 388 and m?
97
Let r = -11450 + 11954. What is the highest common divisor of r and 1953?
63
Suppose 0 = -134*j + 38503 + 27157. Calculate the highest common divisor of 160 and j.
10
Suppose 3*z = 4*m + 12, 0 = 4*m + m + 4*z - 16. Suppose 3*r - 8 = -b, -2*b = -m*r - 2*r. Calculate the highest common divisor of 19 and r.
1
Suppose -5*n + 5*d + 105 = 10*d, 4*n + 3*d = 80. Let j = 128 - 77. Calculate the highest common divisor of j and n.
17
Let d(t) = 285*t**3 + t**2 + 29*t - 56. Let f be d(2). Calculate the greatest common factor of f and 144.
18
Let m(a) be the first derivative of 12*a**2 + 82*a + 119. Let x be m(-3). Let t be (-22)/(-3) + 2/3. Calculate the highest common divisor of t and x.
2
Suppose 42*a = 887 - 299. What is the highest common divisor of 1687 and a?
7
Let u(q) = -q**2 + 19*q + 126. Let p be u(24). Suppose -3*a + 207 = p*a. Calculate the greatest common factor of 736 and a.
23
Suppose -12*z - 949 = -5857. Let l = 489 - z. Calculate the greatest common divisor of l and 40.
40
Let k(p) = -p**2 + 15*p - 98. Let g be k(0). Let b be (-84)/g*77/3. Calculate the greatest common divisor of b and 561.
11
Suppose 0 = -5*w + 49982 - 17982. Suppose -4*q + w = 21*q. Calculate the highest common divisor of q and 16.
16
Let u = 874 + -691. Suppose -19*m + 21*m + 313 = z, 4 = -m. Calculate the highest common divisor of z and u.
61
Suppose -z = 2*z - 45. Let t(g) = -g + 18. Let c be t(15). Suppose -c*w - 48 = -4*j, 3*j - w + 14 = 55. Calculate the greatest common factor of z and j.
15
Let u(m) = -9*m - 176. Let w(z) = 11*z + 155. Let i be w(-16). Let h be u(i). What is the greatest common factor of 3 and h?
1
Let s(w) = -w**2 - 22*w + 698. Let t be s(-38). Let z be ((-18)/4)/((-13)/208). Calculate the highest common factor of t and z.
18
Suppose -3168 - 4944 = -104*o. What is the highest common divisor of 2496 and o?
78
Let o = 1149 - 672. Let s be (80/(-6))/(-1) - (-318)/o. Suppose n - 1 - 1 = 0. Calculate the highest common divisor of s and n.
2
Let j(t) = -t - 14. Let k be j(-6). Let m be (62/k)/((-4)/64). Suppose -p - 7 = -38. Calculate the highest common factor of p and m.
31
Suppose 118*m + 41*m - 206894 = 17*m. What is the highest common divisor of 62 and m?
31
Suppose -3*j + 140 = -223. Suppose -24*x + 25*x - 5 = 0. Suppose -49 = -5*i - 5*r + 6, -4*i + 44 = -x*r. Calculate the greatest common factor of i and j.
11
Let i be (-2)/(-3) - 214/(-3). Let s(t) = -134*t - 3342. Let d be s(-25). Calculate the highest common factor of d and i.
8
Let g(k) = 15*k**2 + 31*k - 1201. Let h be g(32). What is the highest common divisor of h and 218?
109
Let v(d) = -316*d**3 + d**2 + 5*d - 5. Let k be v(1). Let o be (-5)/(k/150 - (-4)/(-10)). What is the highest common factor of 64 and o?
2
Suppose -3*l - a - 16 = -l, 2*l - 3*a = -16. Let y(t) = -2*t - 8. Let r be y(l). Calculate the greatest common factor of 32 and r.
8
Let p(k) = -555*k - 1545. Let q be p(-3). What is the greatest common factor of q and 408?
24
Suppose -538*p = -524*p - 7462. What is the highest common factor of 13 and p?
13
Let f = 9 - 15. Let v be (((-3)/1 - -5) + f)*-3. Calculate the highest common divisor of v and 20.
4
Suppose 4*d - 3*z = 765, -5*d = -5*z - 1119 + 169. Let n = 223 - d. What is the greatest common factor of 36 and n?
4
Suppose -5770 = -11*y + y.